{"id":262,"date":"2023-09-03T20:55:35","date_gmt":"2023-09-03T18:55:35","guid":{"rendered":"https:\/\/l2gserver\/?page_id=262"},"modified":"2023-09-10T00:56:54","modified_gmt":"2023-09-09T22:56:54","slug":"mentions-legales","status":"publish","type":"page","link":"https:\/\/lesdeuxgeais.fr\/index.php\/mentions-legales\/","title":{"rendered":"Mentions l\u00e9gales"},"content":{"rendered":"<style>.wp-block-kadence-advancedheading.kt-adv-heading262_b5621f-85, .wp-block-kadence-advancedheading.kt-adv-heading262_b5621f-85[data-kb-block=\"kb-adv-heading262_b5621f-85\"]{text-align:center;font-style:normal;}.wp-block-kadence-advancedheading.kt-adv-heading262_b5621f-85 mark.kt-highlight, .wp-block-kadence-advancedheading.kt-adv-heading262_b5621f-85[data-kb-block=\"kb-adv-heading262_b5621f-85\"] mark.kt-highlight{font-style:normal;color:#f76a0c;-webkit-box-decoration-break:clone;box-decoration-break:clone;padding-top:0px;padding-right:0px;padding-bottom:0px;padding-left:0px;}.wp-block-kadence-advancedheading.kt-adv-heading262_b5621f-85 img.kb-inline-image, .wp-block-kadence-advancedheading.kt-adv-heading262_b5621f-85[data-kb-block=\"kb-adv-heading262_b5621f-85\"] img.kb-inline-image{width:150px;vertical-align:baseline;}<\/style>\n<h1 class=\"kt-adv-heading262_b5621f-85 wp-block-kadence-advancedheading has-theme-palette-1-color has-text-color\" data-kb-block=\"kb-adv-heading262_b5621f-85\">Mentions l\u00e9gales :<\/h1>\n\n\n<style>.kb-row-layout-id262_42cb40-ab > .kt-row-column-wrap{align-content:start;}:where(.kb-row-layout-id262_42cb40-ab > .kt-row-column-wrap) > .wp-block-kadence-column{justify-content:start;}.kb-row-layout-id262_42cb40-ab > .kt-row-column-wrap{column-gap:var(--global-kb-gap-md, 2rem);row-gap:var(--global-kb-gap-md, 2rem);padding-top:var(--global-kb-spacing-sm, 1.5rem);padding-bottom:var(--global-kb-spacing-sm, 1.5rem);grid-template-columns:minmax(0, 1fr);}.kb-row-layout-id262_42cb40-ab > .kt-row-layout-overlay{opacity:0.30;}@media all and (max-width: 1024px){.kb-row-layout-id262_42cb40-ab > .kt-row-column-wrap{grid-template-columns:minmax(0, 1fr);}}@media all and (max-width: 767px){.kb-row-layout-id262_42cb40-ab > .kt-row-column-wrap{grid-template-columns:minmax(0, 1fr);}}<\/style><div class=\"kb-row-layout-wrap kb-row-layout-id262_42cb40-ab alignnone wp-block-kadence-rowlayout\"><div class=\"kt-row-column-wrap kt-has-1-columns kt-row-layout-equal kt-tab-layout-inherit kt-mobile-layout-row kt-row-valign-top\">\n<style>.kadence-column262_014bcc-5d > .kt-inside-inner-col,.kadence-column262_014bcc-5d > .kt-inside-inner-col:before{border-top-left-radius:0px;border-top-right-radius:0px;border-bottom-right-radius:0px;border-bottom-left-radius:0px;}.kadence-column262_014bcc-5d > .kt-inside-inner-col{column-gap:var(--global-kb-gap-sm, 1rem);}.kadence-column262_014bcc-5d > .kt-inside-inner-col{flex-direction:column;}.kadence-column262_014bcc-5d > .kt-inside-inner-col > .aligncenter{width:100%;}.kadence-column262_014bcc-5d > .kt-inside-inner-col:before{opacity:0.3;}.kadence-column262_014bcc-5d{position:relative;}@media all and (max-width: 1024px){.kadence-column262_014bcc-5d > .kt-inside-inner-col{flex-direction:column;justify-content:center;}}@media all and (max-width: 767px){.kadence-column262_014bcc-5d > .kt-inside-inner-col{flex-direction:column;justify-content:center;}}<\/style>\n<div class=\"wp-block-kadence-column kadence-column262_014bcc-5d\"><div class=\"kt-inside-inner-col\"><style>.kadence-column262_b13a5e-5f > .kt-inside-inner-col,.kadence-column262_b13a5e-5f > .kt-inside-inner-col:before{border-top-left-radius:0px;border-top-right-radius:0px;border-bottom-right-radius:0px;border-bottom-left-radius:0px;}.kadence-column262_b13a5e-5f > .kt-inside-inner-col{column-gap:var(--global-kb-gap-sm, 1rem);}.kadence-column262_b13a5e-5f > .kt-inside-inner-col{flex-direction:column;}.kadence-column262_b13a5e-5f > .kt-inside-inner-col > .aligncenter{width:100%;}.kadence-column262_b13a5e-5f > .kt-inside-inner-col:before{opacity:0.3;}.kadence-column262_b13a5e-5f{position:relative;}@media all and (max-width: 1024px){.kadence-column262_b13a5e-5f > .kt-inside-inner-col{flex-direction:column;justify-content:center;}}@media all and (max-width: 767px){.kadence-column262_b13a5e-5f > .kt-inside-inner-col{flex-direction:column;justify-content:center;}}<\/style>\n<div class=\"wp-block-kadence-column kadence-column262_b13a5e-5f\"><div class=\"kt-inside-inner-col\">\n<p class=\"has-text-align-center\">En vigueur au 02\/11\/2023<\/p>\n\n\n\n<p>Conform\u00e9ment aux dispositions des Articles 6-III et 19 de la Loi n\u00b02004-575 du 21 juin 2004 pour la Confiance dans l\u2019\u00e9conomie num\u00e9rique, dite L.C.E.N., il est port\u00e9 \u00e0 la connaissance des utilisateurs et visiteurs, ci-apr\u00e8s l&rsquo; <strong>Utilisateur<\/strong>, du site https:\/\/lesdeuxgeais.fr , ci-apr\u00e8s le <strong>Site<\/strong>, les pr\u00e9sentes mentions l\u00e9gales.<br>La connexion et la navigation sur le Site par l\u2019Utilisateur implique acceptation int\u00e9grale et sans r\u00e9serve des pr\u00e9sentes mentions l\u00e9gales.<br>Ces derni\u00e8res sont accessibles sur le Site \u00e0 la rubrique  <strong>Mentions l\u00e9gales<\/strong>.<\/p>\n\n\n\n<h2 class=\"wp-block-heading\">ARTICLE 1 &#8211; L&rsquo;\u00c9DITEUR<\/h2>\n\n\n\n<p>L\u2019\u00e9dition et la direction de la publication du Site est assur\u00e9e par Corentin HORTIER, domicili\u00e9e 7 All\u00e9e des Sapins 27110, dont le num\u00e9ro de t\u00e9l\u00e9phone est 0668254646, et l&rsquo;adresse e-mail corentin.hortier@gmail.com.<br>ci-apr\u00e8s l&rsquo; <strong>Editeur<\/strong>.<\/p>\n\n\n\n<h2 class=\"wp-block-heading\">ARTICLE 2 &#8211; L&rsquo;HEBERGEUR<\/h2>\n\n\n\n<p>Le site est auto-h\u00e9berg\u00e9 \u00e0 Rouen, avec le num\u00e9ro de t\u00e9l\u00e9phone : 0668254646 +<strong> <a href=\"mailto:contact@lesdeuxgeais.fr\">contact@lesdeuxgeais.fr<\/a><\/strong><\/p>\n\n\n\n<h2 class=\"wp-block-heading\">ARTICLE 3 &#8211; ACCES AU SITE<\/h2>\n\n\n\n<p>Le Site est accessible en tout endroit, 7j\/7, 24h\/24 sauf cas de force majeure, interruption programm\u00e9e ou non et pouvant d\u00e9couler d\u2019une n\u00e9cessit\u00e9 de maintenance.<\/p>\n\n\n\n<p>En cas de modification, interruption ou suspension du Site, l&rsquo;Editeur ne saurait \u00eatre tenu responsable.<\/p>\n\n\n\n<h2 class=\"wp-block-heading\">ARTICLE 4 &#8211; COLLECTE DES DONNEES<\/h2>\n\n\n\n<p>Le Site assure \u00e0 l&rsquo;Utilisateur une collecte et un traitement d&rsquo;informations personnelles dans le respect de la vie priv\u00e9e conform\u00e9ment \u00e0 la loi n\u00b078-17 du 6 janvier 1978 relative \u00e0 l&rsquo;informatique, aux fichiers et aux libert\u00e9s.<\/p>\n\n\n\n<p>En vertu de la loi Informatique et Libert\u00e9s, en date du 6 janvier 1978, l&rsquo;Utilisateur dispose d&rsquo;un droit d&rsquo;acc\u00e8s, de rectification, de suppression et d&rsquo;opposition de ses donn\u00e9es personnelles. L&rsquo;Utilisateur exerce ce droit :<\/p>\n\n\n\n<p>\u00b7 par mail \u00e0 l&rsquo;adresse email contact@lesdeuxgeais.fr\ufeff<\/p>\n\n\n\n<p>\u00b7 par voie postale au 7 all\u00e9e des Sapins 27110 Ste Opportune du Bosc ;<\/p>\n\n\n\n<p>Toute utilisation, reproduction, diffusion, commercialisation, modification de toute ou partie du Site\ufeff, sans autorisation de l\u2019Editeur est prohib\u00e9e et pourra entra\u00een\u00e9e des actions et poursuites judiciaires telles que notamment pr\u00e9vues par le Code de la propri\u00e9t\u00e9 intellectuelle et le Code civil.<\/p>\n\n\n\n<p>R\u00e9dig\u00e9 sur http:\/\/legalplace.fr<\/p>\n<\/div><\/div>\n<\/div><\/div>\n\n<\/div><\/div>","protected":false},"excerpt":{"rendered":"<p>Mentions l\u00e9gales : En vigueur au 02\/11\/2023 Conform\u00e9ment aux dispositions des Articles 6-III et 19 de la Loi n\u00b02004-575 du 21 juin 2004 pour la Confiance dans l\u2019\u00e9conomie num\u00e9rique, dite L.C.E.N., il est port\u00e9 \u00e0 la connaissance des utilisateurs et visiteurs, ci-apr\u00e8s l&rsquo; Utilisateur, du site https:\/\/lesdeuxgeais.fr , ci-apr\u00e8s le Site, les pr\u00e9sentes mentions l\u00e9gales.La&#8230;<\/p>\n","protected":false},"author":1,"featured_media":0,"parent":0,"menu_order":0,"comment_status":"closed","ping_status":"closed","template":"","meta":{"_kad_post_transparent":"","_kad_post_title":"","_kad_post_layout":"","_kad_post_sidebar_id":"","_kad_post_content_style":"","_kad_post_vertical_padding":"","_kad_post_feature":"","_kad_post_feature_position":"","_kad_post_header":false,"_kad_post_footer":false,"_kad_post_classname":"","footnotes":""},"class_list":["post-262","page","type-page","status-publish","hentry"],"yoast_head":"<!-- This site is optimized with the Yoast SEO plugin v27.4 - https:\/\/yoast.com\/product\/yoast-seo-wordpress\/ -->\n<title>Mentions l\u00e9gales - lesdeuxgeais<\/title>\n<meta name=\"robots\" content=\"index, follow, max-snippet:-1, max-image-preview:large, max-video-preview:-1\" \/>\n<link rel=\"canonical\" href=\"http:\/\/lesdeuxgeais.fr\/index.php\/mentions-legales\/\" \/>\n<script type=\"application\/ld+json\" class=\"yoast-schema-graph\">{\"@context\":\"https:\\\/\\\/schema.org\",\"@graph\":[{\"@type\":\"WebPage\",\"@id\":\"http:\\\/\\\/lesdeuxgeais.fr\\\/index.php\\\/mentions-legales\\\/\",\"url\":\"http:\\\/\\\/lesdeuxgeais.fr\\\/index.php\\\/mentions-legales\\\/\",\"name\":\"Mentions l\u00e9gales - lesdeuxgeais\",\"isPartOf\":{\"@id\":\"https:\\\/\\\/lesdeuxgeais.fr\\\/#website\"},\"datePublished\":\"2023-09-03T18:55:35+00:00\",\"dateModified\":\"2023-09-09T22:56:54+00:00\",\"breadcrumb\":{\"@id\":\"http:\\\/\\\/lesdeuxgeais.fr\\\/index.php\\\/mentions-legales\\\/#breadcrumb\"},\"inLanguage\":\"fr-FR\",\"potentialAction\":[{\"@type\":\"ReadAction\",\"target\":[\"http:\\\/\\\/lesdeuxgeais.fr\\\/index.php\\\/mentions-legales\\\/\"]}]},{\"@type\":\"BreadcrumbList\",\"@id\":\"http:\\\/\\\/lesdeuxgeais.fr\\\/index.php\\\/mentions-legales\\\/#breadcrumb\",\"itemListElement\":[{\"@type\":\"ListItem\",\"position\":1,\"name\":\"Accueil\",\"item\":\"https:\\\/\\\/lesdeuxgeais.fr\\\/\"},{\"@type\":\"ListItem\",\"position\":2,\"name\":\"Mentions l\u00e9gales\"}]},{\"@type\":\"WebSite\",\"@id\":\"https:\\\/\\\/lesdeuxgeais.fr\\\/#website\",\"url\":\"https:\\\/\\\/lesdeuxgeais.fr\\\/\",\"name\":\"lesdeuxgeais\",\"description\":\"Roulotte Nature &amp; \u00c9vasion\",\"publisher\":{\"@id\":\"https:\\\/\\\/lesdeuxgeais.fr\\\/#organization\"},\"potentialAction\":[{\"@type\":\"SearchAction\",\"target\":{\"@type\":\"EntryPoint\",\"urlTemplate\":\"https:\\\/\\\/lesdeuxgeais.fr\\\/?s={search_term_string}\"},\"query-input\":{\"@type\":\"PropertyValueSpecification\",\"valueRequired\":true,\"valueName\":\"search_term_string\"}}],\"inLanguage\":\"fr-FR\"},{\"@type\":\"Organization\",\"@id\":\"https:\\\/\\\/lesdeuxgeais.fr\\\/#organization\",\"name\":\"lesdeuxgeais\",\"url\":\"https:\\\/\\\/lesdeuxgeais.fr\\\/\",\"logo\":{\"@type\":\"ImageObject\",\"inLanguage\":\"fr-FR\",\"@id\":\"https:\\\/\\\/lesdeuxgeais.fr\\\/#\\\/schema\\\/logo\\\/image\\\/\",\"url\":\"https:\\\/\\\/lesdeuxgeais.fr\\\/wp-content\\\/uploads\\\/2023\\\/09\\\/cropped-l2g_logo_sans_soustitre.png\",\"contentUrl\":\"https:\\\/\\\/lesdeuxgeais.fr\\\/wp-content\\\/uploads\\\/2023\\\/09\\\/cropped-l2g_logo_sans_soustitre.png\",\"width\":823,\"height\":565,\"caption\":\"lesdeuxgeais\"},\"image\":{\"@id\":\"https:\\\/\\\/lesdeuxgeais.fr\\\/#\\\/schema\\\/logo\\\/image\\\/\"}}]}<\/script>\n<!-- \/ Yoast SEO plugin. -->","yoast_head_json":{"title":"Mentions l\u00e9gales - lesdeuxgeais","robots":{"index":"index","follow":"follow","max-snippet":"max-snippet:-1","max-image-preview":"max-image-preview:large","max-video-preview":"max-video-preview:-1"},"canonical":"http:\/\/lesdeuxgeais.fr\/index.php\/mentions-legales\/","schema":{"@context":"https:\/\/schema.org","@graph":[{"@type":"WebPage","@id":"http:\/\/lesdeuxgeais.fr\/index.php\/mentions-legales\/","url":"http:\/\/lesdeuxgeais.fr\/index.php\/mentions-legales\/","name":"Mentions l\u00e9gales - lesdeuxgeais","isPartOf":{"@id":"https:\/\/lesdeuxgeais.fr\/#website"},"datePublished":"2023-09-03T18:55:35+00:00","dateModified":"2023-09-09T22:56:54+00:00","breadcrumb":{"@id":"http:\/\/lesdeuxgeais.fr\/index.php\/mentions-legales\/#breadcrumb"},"inLanguage":"fr-FR","potentialAction":[{"@type":"ReadAction","target":["http:\/\/lesdeuxgeais.fr\/index.php\/mentions-legales\/"]}]},{"@type":"BreadcrumbList","@id":"http:\/\/lesdeuxgeais.fr\/index.php\/mentions-legales\/#breadcrumb","itemListElement":[{"@type":"ListItem","position":1,"name":"Accueil","item":"https:\/\/lesdeuxgeais.fr\/"},{"@type":"ListItem","position":2,"name":"Mentions l\u00e9gales"}]},{"@type":"WebSite","@id":"https:\/\/lesdeuxgeais.fr\/#website","url":"https:\/\/lesdeuxgeais.fr\/","name":"lesdeuxgeais","description":"Roulotte Nature &amp; \u00c9vasion","publisher":{"@id":"https:\/\/lesdeuxgeais.fr\/#organization"},"potentialAction":[{"@type":"SearchAction","target":{"@type":"EntryPoint","urlTemplate":"https:\/\/lesdeuxgeais.fr\/?s={search_term_string}"},"query-input":{"@type":"PropertyValueSpecification","valueRequired":true,"valueName":"search_term_string"}}],"inLanguage":"fr-FR"},{"@type":"Organization","@id":"https:\/\/lesdeuxgeais.fr\/#organization","name":"lesdeuxgeais","url":"https:\/\/lesdeuxgeais.fr\/","logo":{"@type":"ImageObject","inLanguage":"fr-FR","@id":"https:\/\/lesdeuxgeais.fr\/#\/schema\/logo\/image\/","url":"https:\/\/lesdeuxgeais.fr\/wp-content\/uploads\/2023\/09\/cropped-l2g_logo_sans_soustitre.png","contentUrl":"https:\/\/lesdeuxgeais.fr\/wp-content\/uploads\/2023\/09\/cropped-l2g_logo_sans_soustitre.png","width":823,"height":565,"caption":"lesdeuxgeais"},"image":{"@id":"https:\/\/lesdeuxgeais.fr\/#\/schema\/logo\/image\/"}}]}},"_links":{"self":[{"href":"https:\/\/lesdeuxgeais.fr\/index.php\/wp-json\/wp\/v2\/pages\/262","targetHints":{"allow":["GET"]}}],"collection":[{"href":"https:\/\/lesdeuxgeais.fr\/index.php\/wp-json\/wp\/v2\/pages"}],"about":[{"href":"https:\/\/lesdeuxgeais.fr\/index.php\/wp-json\/wp\/v2\/types\/page"}],"author":[{"embeddable":true,"href":"https:\/\/lesdeuxgeais.fr\/index.php\/wp-json\/wp\/v2\/users\/1"}],"replies":[{"embeddable":true,"href":"https:\/\/lesdeuxgeais.fr\/index.php\/wp-json\/wp\/v2\/comments?post=262"}],"version-history":[{"count":2,"href":"https:\/\/lesdeuxgeais.fr\/index.php\/wp-json\/wp\/v2\/pages\/262\/revisions"}],"predecessor-version":[{"id":372,"href":"https:\/\/lesdeuxgeais.fr\/index.php\/wp-json\/wp\/v2\/pages\/262\/revisions\/372"}],"wp:attachment":[{"href":"https:\/\/lesdeuxgeais.fr\/index.php\/wp-json\/wp\/v2\/media?parent=262"}],"curies":[{"name":"wp","href":"https:\/\/api.w.org\/{rel}","templated":true}]}}